ate the remainder when 3890 is divided by 3856.
34
What is the remainder when 235767 is divided by 3572?
15
Calculate the remainder when 1158 is divided by 474.
210
What is the remainder when 15618 is divided by 21?
15
What is the remainder when 73643 is divided by 323?
322
What is the remainder when 689 is divided by 97?
10
What is the remainder when 5051 is divided by 287?
172
What is the remainder when 6308 is divided by 165?
38
Calculate the remainder when 17947 is divided by 1617.
160
What is the remainder when 100014 is divided by 8?
6
What is the remainder when 3930 is divided by 245?
10
Calculate the remainder when 22335 is divided by 3716.
39
What is the remainder when 4628 is divided by 100?
28
Calculate the remainder when 165806 is divided by 8.
6
Calculate the remainder when 56836 is divided by 13.
0
What is the remainder when 4941 is divided by 841?
736
What is the remainder when 573 is divided by 200?
173
Calculate the remainder when 36323 is divided by 210.
203
Calculate the remainder when 402 is divided by 37.
32
What is the remainder when 35919 is divided by 40?
39
What is the remainder when 4016 is divided by 25?
16
What is the remainder when 59345 is divided by 13?
0
Calculate the remainder when 36533 is divided by 320.
53
Calculate the remainder when 2214 is divided by 85.
4
Calculate the remainder when 606209 is divided by 8538.
11
What is the remainder when 21349 is divided by 271?
211
What is the remainder when 618634 is divided by 47587?
3
What is the remainder when 15076 is divided by 3009?
31
What is the remainder when 10487 is divided by 615?
32
Calculate the remainder when 167426 is divided by 41854.
10
Calculate the remainder when 37104 is divided by 12364.
12
Calculate the remainder when 2757653 is divided by 11.
8
What is the remainder when 1733 is divided by 213?
29
What is the remainder when 6517 is divided by 597?
547
Calculate the remainder when 32932 is divided by 16.
4
Calculate the remainder when 290 is divided by 148.
142
Calculate the remainder when 1141 is divided by 40.
21
Calculate the remainder when 911 is divided by 297.
20
What is the remainder when 852750 is divided by 9475?
0
What is the remainder when 3447 is divided by 263?
28
Calculate the remainder when 69528 is divided by 4343.
40
What is the remainder when 2843 is divided by 935?
38
Calculate the remainder when 2137 is divided by 1047.
43
What is the remainder when 3810 is divided by 631?
24
Calculate the remainder when 152 is divided by 62.
28
Calculate the remainder when 2333440 is divided by 222.
220
What is the remainder when 7989 is divided by 62?
53
What is the remainder when 2000 is divided by 158?
104
What is the remainder when 798365 is divided by 1981?
22
What is the remainder when 12757 is divided by 1973?
919
What is the remainder when 17228 is divided by 61?
26
What is the remainder when 3418 is divided by 845?
38
What is the remainder when 18018 is divided by 179?
118
Calculate the remainder when 11799 is divided by 105.
39
What is the remainder when 1484 is divided by 53?
0
Calculate the remainder when 1565 is divided by 1042.
523
Calculate the remainder when 507356 is divided by 4193.
3
What is the remainder when 417922 is divided by 188?
186
What is the remainder when 264928 is divided by 44154?
4
What is the remainder when 6554 is divided by 79?
76
What is the remainder when 1061688 is divided by 132710?
8
What is the remainder when 4611 is divided by 310?
271
Calculate the remainder when 1387 is divided by 369.
280
What is the remainder when 685433 is divided by 13?
8
Calculate the remainder when 73555 is divided by 73539.
16
Calculate the remainder when 3468812 is divided by 136.
132
What is the remainder when 200846 is divided by 49?
44
Calculate the remainder when 101251 is divided by 247.
228
What is the remainder when 503450 is divided by 38?
26
Calculate the remainder when 12798416 is divided by 12.
8
What is the remainder when 1716955 is divided by 7?
2
What is the remainder when 150469 is divided by 172?
141
What is the remainder when 112589 is divided by 56292?
5
Calculate the remainder when 14762 is divided by 138.
134
What is the remainder when 13683 is divided by 1248?
1203
Calculate the remainder when 16157 is divided by 2912.
1597
Calculate the remainder when 331 is divided by 309.
22
What is the remainder when 502586 is divided by 147?
140
What is the remainder when 22235039 is divided by 288?
287
Calculate the remainder when 1279 is divided by 3.
1
What is the remainder when 56558 is divided by 51?
50
Calculate the remainder when 180685 is divided by 908.
901
What is the remainder when 914 is divided by 162?
104
Calculate the remainder when 2547 is divided by 848.
3
Calculate the remainder when 1052 is divided by 21.
2
Calculate the remainder when 22012 is divided by 815.
7
Calculate the remainder when 135321 is divided by 4100.
21
Calculate the remainder when 6295 is divided by 175.
170
Calculate the remainder when 235 is divided by 61.
52
What is the remainder when 192192 is divided by 30?
12
What is the remainder when 15824 is divided by 42?
32
Calculate the remainder when 210103 is divided by 4470.
13
What is the remainder when 11010 is divided by 324?
318
What is the remainder when 30488 is divided by 34?
24
What is the remainder when 3475 is divided by 48?
19
Calculate the remainder when 38135 is divided by 5435.
90
Calculate the remainder when 3172 is divided by 113.
8
What is the remainder when 7609 is divided by 471?
73
What is the remainder when 7312 is divided by 122?
114
What is the remainder when 21155 is divided by 10557?
41
What is the remainder when 10596 is divided by 3434?
294
What is the remainder when 6954867 is divided by 17?
14
What is the remainder when 302375 is divided by 121?
117
Calculate the remainder when 12511 is divided by 404.
391
Calculate the remainder when 86522 is divided by 1055.
12
What is the remainder when 16389 is divided by 565?
4
Calculate the remainder when 258089 is divided by 10.
9
What is the remainder when 117791 is divided by 110?
91
What is the remainder when 139252 is divided by 23208?
4
Calculate the remainder when 1281506 is divided by 76.
70
What is the remainder when 172489 is divided by 704?
9
Calculate the remainder when 905790 is divided by 43.
38
What is the remainder when 25302 is divided by 86?
18
Calculate the remainder when 11998 is divided by 970.
358
Calculate the remainder when 2882 is divided by 857.
311
What is the remainder when 3636652 is divided by 16?
12
What is the remainder when 4966 is divided by 2467?
32
Calculate the remainder when 61609 is divided by 49.
16
What is the remainder when 3660 is divided by 1776?
108
Calculate the remainder when 54949 is divided by 43.
38
Calculate the remainder when 12801 is divided by 6398.
5
Calculate the remainder when 25952 is divided by 12944.
64
What is the remainder when 3562 is divided by 161?
20
What is the remainder when 66176 is divided by 217?
208
What is the remainder when 428583 is divided by 15873?
12
Calculate the remainder when 151083 is divided by 13.
10
What is the remainder when 31710 is divided by 97?
88
What is the remainder when 3239178 is divided by 10?
8
What is the remainder when 13984 is divided by 124?
96
What is the remainder when 104156 is divided by 20831?
1
Calculate the remainder when 1318 is divided by 582.
154
Calculate the remainder when 40211 is divided by 20096.
19
Calculate the remainder when 133603 is divided by 11133.
7
Calculate the remainder when 258075 is divided by 319.
4
What is the remainder when 690 is divided by 217?
39
Calculate the remainder when 259492 is divided by 100.
92
What is the remainder when 51283 is divided by 986?
11
Calculate the remainder when 3821 is divided by 551.
515
What is the remainder when 61605 is divided by 220?
5
Calculate the remainder when 11501 is divided by 639.
638
What is the remainder when 3044 is divided by 228?
80
Calculate the remainder when 2120 is divided by 692.
44
What is the remainder when 13353 is divided by 313?
207
Calculate the remainder when 20755 is divided by 10348.
59
What is the remainder when 8730 is divided by 1005?
690
Calculate the remainder when 19156 is divided by 1137.
964
What is the remai